st common factor of l and d?
1
Suppose -l - 19 + 59 = 0. What is the highest common divisor of l and 4?
4
Let z(n) = 4*n**3 - 2*n**2 - 3*n + 3. Let y be z(-4). Let i = 408 + y. Suppose 4*a - i = -a. What is the highest common divisor of a and 18?
9
Suppose 2*n + p + 2 = 4*n, 0 = -5*p + 10. Let d be (2/n)/(1/2). Suppose 0 = 2*k + 6, -3*m = d*m + 5*k - 25. What is the highest common factor of 56 and m?
8
Let t be 3*1 + 171/((-54)/(-6)). Calculate the highest common factor of 121 and t.
11
Let f be (-1)/2*9*-2. Let c be 1*2 - (-2 + 3). Let i be -1 + 0 - -64*c. What is the highest common divisor of f and i?
9
Suppose 5*v + 493 = 3*w + 4*v, -w = -v - 163. Suppose 2*p + 39 = w. Let f be 1/(0 + (-30)/(-14) + -2). Calculate the greatest common factor of p and f.
7
Let m be (-1044)/(-16) - 4/16. What is the highest common divisor of 26 and m?
13
Suppose -3*a - g = -0*g - 15, -4*g = -12. Let z = -6 + 22. Calculate the greatest common divisor of z and a.
4
Let h be ((-24)/(-5))/(2/40). Suppose f = -4*p + 7 + 6, 2*f + 2*p - 8 = 0. Let m be -2 + 3 + f*11. Calculate the greatest common factor of m and h.
12
Suppose 4*d - 1105 = g, 0*d - 255 = -d - 4*g. Calculate the greatest common divisor of d and 25.
25
Suppose 2*z - c = 36, 5*z + 4*c + 14 - 117 = 0. Let a = 2 + z. What is the highest common divisor of a and 7?
7
Let h = 29 + 114. Calculate the greatest common factor of 13 and h.
13
Suppose 0 = -4*v + v. Suppose i + v*i + 3 = 2*b, -b = 3*i - 5. Calculate the greatest common factor of i and 7.
1
Suppose 3*m = -3*i + 21, i - 1 = -2*i + m. Let g = i - -7. What is the highest common divisor of 63 and g?
9
Suppose -2*h = -0*h. Suppose 4*o + h - 20 = 0. Suppose 3*r - o*r = -12. Calculate the highest common factor of r and 18.
6
Let a = -6 - -8. Suppose a*v + 60 = 3*v. Calculate the greatest common divisor of 24 and v.
12
Suppose 3*q - 509 = -4*o, 6 = -2*o + 4. Let u = 44 - 12. Let i = -13 + u. What is the greatest common factor of q and i?
19
Suppose 5*l - 2*l = -27. Let v(d) be the first derivative of -d**4/4 - 3*d**3 - d**2 - 8*d + 1. Let h be v(l). Calculate the highest common factor of h and 110.
10
Suppose -2 = -3*h + 13. Suppose h*i - 149 = -3*w, -4*w - 3*i = -6*w + 93. Suppose -4*g + 36 = -12. What is the greatest common factor of g and w?
12
Let r(g) = g. Let c be r(7). What is the greatest common factor of 35 and c?
7
Let g(m) = -m**2 - 14*m - 13. Let q be g(-11). Suppose 5*z - q = 5*j, -3*z + 13 = -j - 1. What is the greatest common divisor of z and 2?
1
Let w(q) = 3*q - 31. Let d be w(15). Calculate the greatest common factor of 42 and d.
14
Suppose -27 = 4*n + 37. Suppose 3*f - i - 143 = -0*f, 0 = -2*f + 2*i + 94. Let u = n + f. What is the highest common divisor of u and 4?
4
Suppose 2*u - 5 = 27. Calculate the highest common divisor of 64 and u.
16
Let t = 7 - 7. Suppose 3*j - 3 - 3 = t. Let o(x) = 6*x**2 - 2*x - 2. Let p be o(2). Calculate the greatest common divisor of p and j.
2
Let n = 42 + 2. Calculate the highest common factor of 4 and n.
4
Let m be 2/(-3 - -1) - (-27)/3. What is the greatest common divisor of m and 20?
4
Suppose 5*h - i + 17 = 0, -3 + 17 = -4*h + i. Let j = -1 - h. Suppose 2*f = 7*f - 30. What is the greatest common factor of j and f?
2
Let c = -192 + 313. Let z be (22/(-8))/((-2)/8). What is the highest common factor of c and z?
11
Let r = 150 - 80. Calculate the highest common factor of 10 and r.
10
Suppose -p - 2*p = -192. Let d be 0 + 24*4/6. Calculate the highest common divisor of d and p.
16
Let c = 186 - 179. What is the greatest common divisor of 63 and c?
7
Suppose -102*o + 99*o + 72 = 0. What is the greatest common divisor of 60 and o?
12
Suppose -4*i = d - 1162, 1459 = 5*i + 2*d - 4*d. Suppose 0*a = 2*a - 2*z - 180, -3*a - 4*z = -i. Calculate the highest common divisor of a and 62.
31
Let u(m) = m**3 - 4*m**2 - 7*m + 6. Let j be u(5). Let b = 7 + j. Suppose 45 = w + b. What is the highest common factor of 6 and w?
6
Let r(q) = -q**3 + q + 5. Let w = 3 - 3. Let y be r(w). Suppose 460 + 260 = y*i. Calculate the greatest common factor of 16 and i.
16
Let h be 1 + 7 - 16/(-8). Let r = h + -5. Suppose x = r - 0, -5*b = -x - 80. Calculate the highest common divisor of 68 and b.
17
Let u = -80 + 162. Suppose 23 + u = 5*j. Calculate the highest common divisor of 42 and j.
21
Suppose -x + 3*x = 0. Suppose -3*r - 2*r + 10 = x. Let g(z) = -z. Let k be g(-2). Calculate the highest common divisor of r and k.
2
Suppose -3*n = 2*z - 7*z - 188, -z + 108 = 2*n. Let b(v) = -14*v**2 - v + 1. Let f be b(1). Let i = 28 + f. Calculate the greatest common factor of n and i.
14
Let w = -1 - -3. Let k be (-3 + w - -4)*1. Suppose k*i - 116 + 17 = 0. What is the highest common factor of i and 3?
3
Let c(u) = -u + 44. Let x be c(18). What is the highest common factor of 78 and x?
26
Let g be -4 - -9 - (1 - -2). Suppose -l - 4*f - 18 = 0, 3*l - f - 21 = g*f. Calculate the greatest common divisor of 2 and l.
2
Suppose 3*n = 5*b + 27, -b + 2*n + 1 = 12. Let i be (-6)/(-4)*(-52)/b. What is the highest common divisor of 182 and i?
26
Suppose 2*m - 90 = m. Calculate the greatest common divisor of 10 and m.
10
Let d be 4 + 308/4 - -4. Calculate the greatest common factor of 34 and d.
17
Let t be ((-39)/(-9))/((-1)/(-9)). Suppose 2*m - 41 = t. Let j be ((-20)/(-6))/(4/6). Calculate the greatest common factor of m and j.
5
Let x be 1*2*(-3)/(-6). Let p be 8 - -1 - (x - 4). Suppose -y + p = y. What is the greatest common divisor of 6 and y?
6
Suppose -3*g - 2*g = -210. Calculate the highest common factor of 63 and g.
21
Let t = -9 + 17. Suppose t = -5*k + 7*k. What is the greatest common factor of k and 10?
2
Let v = 9 + -5. What is the greatest common factor of 4 and v?
4
Let u be (-3 - 6/(-3)) + 12. Calculate the greatest common divisor of 11 and u.
11
Let g be (-1)/(-5) - (-2786)/70. Calculate the highest common factor of g and 20.
20
Let c = -3 - -102. Suppose 5*o - c = r, 0 = -o + 2*r + 45 - 18. Calculate the greatest common factor of o and 209.
19
Let m = -58 + 106. Suppose -4*t + 10 = -0*t - 2*o, 5*t - 11 = o. Suppose -g = 3*w - 8 - 7, -3*w + 27 = t*g. Calculate the greatest common factor of g and m.
12
Let y be (-8)/(-36) - 232/(-9). What is the highest common factor of y and 52?
26
Let x = 65 + -15. Suppose -2*c + 31 = 3*f, -3*f + 27 = 3*c - 9. Suppose -f*j + 2*j = -x. What is the highest common divisor of 25 and j?
5
Let k = 20 + -6. Suppose -4 - 2 = -r. Suppose 5*d = t - 5 - r, 0 = -3*t - 2*d + 67. Calculate the highest common divisor of t and k.
7
Let r be (-9)/(-1)*4 + 2. Let q = 52 - 78. Let p = q + r. Calculate the greatest common divisor of p and 48.
12
Let w(p) = -1. Let v(h) = h**2 - h + 1. Let q(g) = v(g) + 6*w(g). Let n be q(4). What is the greatest common factor of n and 77?
7
Let c = 159 - 145. Let r = 1 + -7. Let v = r - -13. What is the greatest common factor of v and c?
7
Let o(a) = 38*a + 1. Let v be o(7). Let s = -115 + v. Let h be (-536)/(-28) + -3 + 80/28. Calculate the highest common divisor of h and s.
19
Suppose 64 = -2*r + 96. Suppose 0 = -2*o + 2*a + 126, -122 - 1 = -2*o + 5*a. Calculate the highest common divisor of o and r.
16
Let s be (-244)/(-20) - 2/10. Let f = 7 - 3. Calculate the greatest common divisor of f and s.
4
Suppose 30 - 113 = -l. Let z = l - 59. Calculate the highest common divisor of z and 48.
24
Let p(u) = 2*u. Let r be p(4). Let z be (r/20)/(2/80). What is the highest common factor of z and 40?
8
Let w = 1209 - 831. Suppose 5*t + 376 = 4*b + t, -4*b + 2*t = -w. Calculate the greatest common factor of 38 and b.
19
Let j = -2 - -5. Let z = -8 + j. Let h be z/((-30)/(-8))*-3. What is the greatest common divisor of h and 8?
4
Suppose 4*g - 15 = -3*c, -2 = 3*c - 3*g - 17. Suppose -4*v + 2*v + 5*y = -80, -3*v + 5*y = -120. What is the greatest common divisor of v and c?
5
Let l(y) = -1 - 5*y + y**2 + 0*y**2 + 2. Let z be l(6). What is the greatest common divisor of z and 7?
7
Suppose 2*s - 439 = -17. Let d = s - 99. Suppose -2*y = -3*a - 17, 2*y + 2*a = 10 + 32. What is the highest common divisor of y and d?
16
Let y = 15 - 3. Suppose 5*f - 4*n - 7 = -0*n, 4*f - n = 10. Suppose -2*h = -2*s + 168, -h = 5*s - f*h - 420. What is the greatest common divisor of y and s?
12
Suppose o + 7 + 15 = -2*d, 2*o